{"id":7,"date":"2006-07-08T08:37:22","date_gmt":"2006-07-08T13:07:22","guid":{"rendered":"http:\/\/panfletonegro.com\/v\/acerca-de-panfletonegrocom\/"},"modified":"2014-08-06T10:04:16","modified_gmt":"2014-08-06T14:34:16","slug":"acerca-de-panfletonegro","status":"publish","type":"page","link":"https:\/\/www.panfletonegro.com\/v\/acerca-de-panfletonegro\/","title":{"rendered":"Acerca de nosotros"},"content":{"rendered":"<p><img data-recalc-dims=\"1\" decoding=\"async\" src=\"https:\/\/i0.wp.com\/www.panfletonegro.com\/v\/wp-content\/themes\/panfleto-es_ES\/images\/silencecara1.jpg?w=696\" alt=\"\" align=\"right\" \/>panfletonegro.com naci\u00f3 en 1.999 como un webzine mensual. Nuestro prop\u00f3sito original fue reunir los trabajos de j\u00f3venes artistas iberoamericanos en un espacio libre que en cualquier otro medio ser\u00eda imposible de ofrecer.<\/p>\n<p>R\u00e1pidamente, con la ayuda de generosos colaboradores que creyeron en esta idea, nos convertimos en una revista digital de literatura, fotograf\u00eda y cr\u00edtica que public\u00f3 83 n\u00fameros mensuales, con una tem\u00e1tica variada pero definitivamente contestataria y anarquista. Nuestro subjetivo y nada acad\u00e9mico criterio de selecci\u00f3n nos permiti\u00f3 publicar lo que otros no publican. Libertad absoluta fue nuestra l\u00ednea editorial, que nos amaran y odiaran por eso, nuestro alimento.<\/p>\n<p>En una evoluci\u00f3n de esos criterios, desde Julio de 2006 panfletonegro.com se convirti\u00f3 en un sitio libertario, participativo, 100% libre de criterios editoriales. Aqu\u00ed puedes publicar lo que quieras, como lo quieras. Creemos ut\u00f3picamente que en medio de una tormenta de mensajes personales, propaganda y textos inconsecuentes, ocurrir\u00e1 la poes\u00eda.<\/p>\n<p>Nuestra intenci\u00f3n \u00faltima es, como en 1.999, congregar en el mundo virtual a un movimiento de creadores que se sigue gestando en la red para manifestarse como comunidad, abrazar una visi\u00f3n alternativa para la difusi\u00f3n del hecho creativo que definitivamente desplazar\u00e1 a los m\u00e9todos tradicionales de publicaci\u00f3n.<\/p>\n<p>Para escribir en panfletonegro.com, s\u00f3lo tienes que <a title=\"registrarte\" href=\"http:\/\/panfletonegro.com\/v\/wp-register.php\" target=\"_blank\">registrarte<\/a>, escribir y tu texto y colocarlo en alguna de nuestras secciones.<br \/>\nRecuerda: <strong>lo que te de la gana, como te de la gana.<\/strong><\/p>\n<p>Daniel Pratt<br \/>\nEx-Editor<br \/>\ndaniel [en] panfletonegro.com<br \/>\n<a href=\"http:\/\/www.afinidades.org\" target=\"_blank\">http:\/\/www.afinidades.org<\/a><\/p>\n<p><strong>Galer\u00eda de mutaciones:<\/strong><br \/>\n<a title=\"Primer N\u00famero\" href=\"http:\/\/www.panfletonegro.com\/uno\" target=\"_blank\"> Primer N\u00famero<\/a><br \/>\n<a title=\"N\u00famero 15\" href=\"http:\/\/www.panfletonegro.com\/quince\" target=\"_blank\"> N\u00famero 15<\/a><br \/>\n<a title=\"N\u00famero 28\" href=\"http:\/\/www.panfletonegro.com\/veintiocho\/\" target=\"_blank\"> N\u00famero 28<\/a><br \/>\n<a title=\"N\u00famero 63\" href=\"http:\/\/www.panfletonegro.com\/sesentaytres\/index.shtml\" target=\"_blank\"> N\u00famero 63<\/a><br \/>\n<a title=\"N\u00famero 83\" href=\"http:\/\/panfletonegro.com\/site\/component\/option,com_frontpage\/Itemid,1\/\" target=\"_blank\">N\u00famero 83<\/a><\/p>\n<p>&nbsp;<\/p>\n<p>En panfletonegro cada quien es responsable de sus ideas\/gritos. Como Ex-Editor no avalo ni respaldo ninguna de las ideas que aqu\u00ed se exponen.<\/p>\n<h3><a href=\"http:\/\/www.panfletonegro.com\/v\/category\/destacados\/?orderby=rand\" target=\"_blank\">Lee lo mejor de panfletonegro aqu\u00ed<\/a><\/h3>\n","protected":false},"excerpt":{"rendered":"<p>panfletonegro.com naci\u00f3 en 1.999 como un webzine mensual. Nuestro prop\u00f3sito original fue reunir los trabajos de j\u00f3venes artistas iberoamericanos en un espacio libre que en cualquier otro medio ser\u00eda imposible de ofrecer. R\u00e1pidamente, con la ayuda de generosos colaboradores que creyeron en esta idea, nos convertimos en una revista digital de literatura, fotograf\u00eda y cr\u00edtica [&hellip;]<\/p>\n","protected":false},"author":1,"featured_media":0,"parent":0,"menu_order":0,"comment_status":"closed","ping_status":"closed","template":"","meta":{"footnotes":""},"class_list":["post-7","page","type-page","status-publish"],"jetpack_shortlink":"https:\/\/wp.me\/PfpCD-7","jetpack_sharing_enabled":true,"_links":{"self":[{"href":"https:\/\/www.panfletonegro.com\/v\/wp-json\/wp\/v2\/pages\/7","targetHints":{"allow":["GET"]}}],"collection":[{"href":"https:\/\/www.panfletonegro.com\/v\/wp-json\/wp\/v2\/pages"}],"about":[{"href":"https:\/\/www.panfletonegro.com\/v\/wp-json\/wp\/v2\/types\/page"}],"author":[{"embeddable":true,"href":"https:\/\/www.panfletonegro.com\/v\/wp-json\/wp\/v2\/users\/1"}],"replies":[{"embeddable":true,"href":"https:\/\/www.panfletonegro.com\/v\/wp-json\/wp\/v2\/comments?post=7"}],"version-history":[{"count":0,"href":"https:\/\/www.panfletonegro.com\/v\/wp-json\/wp\/v2\/pages\/7\/revisions"}],"wp:attachment":[{"href":"https:\/\/www.panfletonegro.com\/v\/wp-json\/wp\/v2\/media?parent=7"}],"curies":[{"name":"wp","href":"https:\/\/api.w.org\/{rel}","templated":true}]}}